{"id":6388,"date":"2023-09-26T16:47:49","date_gmt":"2023-09-26T13:47:49","guid":{"rendered":"https:\/\/www.bmaq.org\/?page_id=6388"},"modified":"2023-12-20T17:10:18","modified_gmt":"2023-12-20T14:10:18","slug":"direction-generale","status":"publish","type":"page","link":"https:\/\/www.bmaq.org\/fr\/lagence\/direction-generale\/","title":{"rendered":"Direction g\u00e9n\u00e9rale"},"content":{"rendered":"<div class=\"wpb-content-wrapper\"><p>[vc_row][vc_column width=\u00a0\u00bb1\/2&Prime;][vc_column_text]<strong>Directeur g\u00e9n\u00e9ral<\/strong><\/p>\n<p>Ancien directeur g\u00e9n\u00e9ral<\/p>\n<p>Dr. Abdelkabir Al-Alaoui Al-Mdaghri 2006 \u2013 2017 (Qu&rsquo;il repose en paix) Feu le Dr. Abdelkabir Al-Alaoui Al-Mdaghri, n\u00e9 en 1942 \u00e0 F\u00e8s, a \u00e9t\u00e9 nomm\u00e9 \u00e0 la t\u00eate de l&rsquo;Agence Bayt Mal Al-Quds Al-Sharif par Sa Majest\u00e9 le Roi Mohammed VI en avril 2006. Le d\u00e9funt Abdelkabir Al-Alaoui Al-Mdaghri a exerc\u00e9 la profession d&rsquo;avocat et celle d&rsquo;enseignant en tant que professeur d&rsquo;enseignement sup\u00e9rieur et chercheur \u00e0 la Facult\u00e9 de Droit de l&rsquo;Universit\u00e9 Al Quaraouiyine \u00e0 F\u00e8s. Il a \u00e9galement \u00e9t\u00e9 professeur au Coll\u00e8ge Moulay \u00e0 Rabat. Il a \u00e9t\u00e9 nomm\u00e9 par feu Sa Majest\u00e9 le Roi Hassan II, que Dieu ait son \u00e2me, ministre des Affaires religieuses et des Wakfs, et a occup\u00e9 ce poste pendant plus de deux d\u00e9cennies. Abdelkabir Al-Alaoui Al-Mdaghri a combin\u00e9 dans ses \u00e9tudes le droit et les sciences religieuses, et il a publi\u00e9 plusieurs ouvrages sur les sciences religieuses, ainsi que sur certaines questions intellectuelles et politiques. Parmi ses \u0153uvres figurent \u00ab\u00a0Al-Naskh wa al-Mansukh fi al-Qur&rsquo;an al-Karim li Abi Bakr ibn al-Arabi al-Ma&rsquo;afiri &#8211; \u00c9tude et \u00e9dition\u00a0\u00bb, \u00ab\u00a0Al-Faqih Abu Ali Al-Yousi: Un mod\u00e8le de la pens\u00e9e marocaine au d\u00e9but du r\u00e8gne des Alawites\u00a0\u00bb, et \u00ab\u00a0La femme entre les r\u00e8gles juridiques et l&rsquo;appel au changement\u00a0\u00bb, ainsi que \u00ab\u00a0Zill Allah\u00a0\u00bb, et \u00ab\u00a0Al-Hukuma Al-Multahiya: Une \u00e9tude critique prospective\u00a0\u00bb. Outre ses pr\u00e9occupations intellectuelles et religieuses, le regrett\u00e9 \u00e9tait \u00e9galement connu pour son int\u00e9r\u00eat litt\u00e9raire, avec plusieurs romans \u00e0 son actif, dont \u00ab\u00a0Thawrat Zano\u00a0\u00bb et \u00ab\u00a0Fi Maratina Ilm Akhar\u00a0\u00bb.[\/vc_column_text][\/vc_column][vc_column width=\u00a0\u00bb1\/2&Prime;][vc_column_text]<\/p>\n<p style=\"text-align: right;\"><strong><img loading=\"lazy\" decoding=\"async\" class=\"wp-image-860 aligncenter\" src=\"https:\/\/www.bmaq.org\/wp-content\/uploads\/2023\/11\/WhatsApp-Image-2023-11-13-at-12.01.18-1-300x214.jpeg\" alt=\"\" width=\"433\" height=\"309\" srcset=\"https:\/\/www.bmaq.org\/wp-content\/uploads\/2023\/11\/WhatsApp-Image-2023-11-13-at-12.01.18-1-300x214.jpeg 300w, https:\/\/www.bmaq.org\/wp-content\/uploads\/2023\/11\/WhatsApp-Image-2023-11-13-at-12.01.18-1-1024x731.jpeg 1024w, https:\/\/www.bmaq.org\/wp-content\/uploads\/2023\/11\/WhatsApp-Image-2023-11-13-at-12.01.18-1-768x548.jpeg 768w, https:\/\/www.bmaq.org\/wp-content\/uploads\/2023\/11\/WhatsApp-Image-2023-11-13-at-12.01.18-1-1536x1096.jpeg 1536w, https:\/\/www.bmaq.org\/wp-content\/uploads\/2023\/11\/WhatsApp-Image-2023-11-13-at-12.01.18-1.jpeg 1600w\" sizes=\"auto, (max-width: 433px) 100vw, 433px\" \/><\/strong><\/p>\n<p>[\/vc_column_text][\/vc_column][\/vc_row][vc_row][vc_column width=\u00a0\u00bb1\/2&Prime;][vc_column_text]<\/p>\n<p style=\"text-align: right;\"><strong><img loading=\"lazy\" decoding=\"async\" class=\"wp-image-4773 aligncenter\" src=\"https:\/\/www.bmaq.org\/wp-content\/uploads\/2023\/11\/WhatsApp-Image-2023-11-13-at-12.01.18-2-300x234.jpeg\" alt=\"\" width=\"429\" height=\"335\" srcset=\"https:\/\/www.bmaq.org\/wp-content\/uploads\/2023\/11\/WhatsApp-Image-2023-11-13-at-12.01.18-2-300x234.jpeg 300w, https:\/\/www.bmaq.org\/wp-content\/uploads\/2023\/11\/WhatsApp-Image-2023-11-13-at-12.01.18-2.jpeg 583w\" sizes=\"auto, (max-width: 429px) 100vw, 429px\" \/><\/strong><\/p>\n<p>[\/vc_column_text][\/vc_column][vc_column width=\u00a0\u00bb1\/2&Prime;][vc_column_text]<strong>Premier directeur g\u00e9n\u00e9ral de l&rsquo;Agence<\/strong><\/p>\n<p>L&rsquo;Ambassadeur Wajih Hassan Ali Qasim &#8211; Abu Marwan 1998 \u2013 2006 (Qu&rsquo;il repose en paix) Feu Wajih Hassan Ali Qasim &#8211; Abu Marwan a assum\u00e9 ses fonctions \u00e0 la t\u00eate de l&rsquo;Agence Bayt Mal Al-Quds Al-Sharif en tant que premier directeur g\u00e9n\u00e9ral de l&rsquo;institution apr\u00e8s sa restructuration et son lancement effectif en septembre 1998, sur ordre du regrett\u00e9 Roi Hassan II, que Dieu ait son \u00e2me. Abu Marwan, pendant cette p\u00e9riode, conciliait ses responsabilit\u00e9s en tant qu&rsquo;ambassadeur de l&rsquo;Organisation de lib\u00e9ration de la Palestine au Royaume du Maroc et directeur g\u00e9n\u00e9ral de l&rsquo;Agence. Abu Marwan est n\u00e9 en Palestine en 1938 et a occup\u00e9 plusieurs postes de repr\u00e9sentation pour les institutions palestiniennes au Maroc de 1969 \u00e0 2010. Il a commenc\u00e9 sa carri\u00e8re d&rsquo;enseignant en Arabie saoudite, puis a d\u00e9m\u00e9nag\u00e9 en Alg\u00e9rie apr\u00e8s son ind\u00e9pendance, o\u00f9 il s&rsquo;est consacr\u00e9 au travail politique aux c\u00f4t\u00e9s du militant Khalil Al-Wazir (Abu Jihad). En 1969, Abu Marwan s&rsquo;est install\u00e9 au Maroc, o\u00f9 il a \u00e9t\u00e9 charg\u00e9 de repr\u00e9senter le mouvement avant d&rsquo;\u00eatre officiellement nomm\u00e9 en 1970 en tant que repr\u00e9sentant officiel de l&rsquo;Organisation de lib\u00e9ration de la Palestine au Maroc, puis ambassadeur de l&rsquo;\u00c9tat de Palestine aupr\u00e8s du Royaume, jusqu&rsquo;\u00e0 sa retraite en 2005.[\/vc_column_text][\/vc_column][\/vc_row]<\/p>\n<\/div>","protected":false},"excerpt":{"rendered":"<p>[vc_row][vc_column width=\u00a0\u00bb1\/2&Prime;][vc_column_text]Directeur g\u00e9n\u00e9ral Ancien directeur g\u00e9n\u00e9ral Dr. Abdelkabir Al-Alaoui Al-Mdaghri 2006 \u2013 2017 (Qu&rsquo;il repose en paix) Feu le Dr. Abdelkabir Al-Alaoui Al-Mdaghri, n\u00e9 en 1942 \u00e0 F\u00e8s, a \u00e9t\u00e9 nomm\u00e9 \u00e0 la t\u00eate de l&rsquo;Agence Bayt Mal Al-Quds Al-Sharif par Sa Majest\u00e9 le Roi Mohammed VI en avril 2006. Le d\u00e9funt Abdelkabir Al-Alaoui Al-Mdaghri&hellip;<\/p>\n","protected":false},"author":2,"featured_media":0,"parent":6381,"menu_order":0,"comment_status":"closed","ping_status":"closed","template":"","meta":{"inline_featured_image":false,"footnotes":""},"class_list":["post-6388","page","type-page","status-publish","hentry","description-off"],"_links":{"self":[{"href":"https:\/\/www.bmaq.org\/fr\/wp-json\/wp\/v2\/pages\/6388","targetHints":{"allow":["GET"]}}],"collection":[{"href":"https:\/\/www.bmaq.org\/fr\/wp-json\/wp\/v2\/pages"}],"about":[{"href":"https:\/\/www.bmaq.org\/fr\/wp-json\/wp\/v2\/types\/page"}],"author":[{"embeddable":true,"href":"https:\/\/www.bmaq.org\/fr\/wp-json\/wp\/v2\/users\/2"}],"replies":[{"embeddable":true,"href":"https:\/\/www.bmaq.org\/fr\/wp-json\/wp\/v2\/comments?post=6388"}],"version-history":[{"count":2,"href":"https:\/\/www.bmaq.org\/fr\/wp-json\/wp\/v2\/pages\/6388\/revisions"}],"predecessor-version":[{"id":6390,"href":"https:\/\/www.bmaq.org\/fr\/wp-json\/wp\/v2\/pages\/6388\/revisions\/6390"}],"up":[{"embeddable":true,"href":"https:\/\/www.bmaq.org\/fr\/wp-json\/wp\/v2\/pages\/6381"}],"wp:attachment":[{"href":"https:\/\/www.bmaq.org\/fr\/wp-json\/wp\/v2\/media?parent=6388"}],"curies":[{"name":"wp","href":"https:\/\/api.w.org\/{rel}","templated":true}]}}

Direction générale

<div class="wpb-content-wrapper"><p>[vc_row][vc_column width= »1/2&Prime;][vc_column_text]<strong>Directeur général</strong></p>
<p>Ancien directeur général</p>
<p>Dr. Abdelkabir Al-Alaoui Al-Mdaghri 2006 – 2017 (Qu&rsquo;il repose en paix) Feu le Dr. Abdelkabir Al-Alaoui Al-Mdaghri, né en 1942 à Fès, a été nommé à la tête de l&rsquo;Agence Bayt Mal Al-Quds Al-Sharif par Sa Majesté le Roi Mohammed VI en avril 2006. Le défunt Abdelkabir Al-Alaoui Al-Mdaghri a exercé la profession d&rsquo;avocat et celle d&rsquo;enseignant en tant que professeur d&rsquo;enseignement supérieur et chercheur à la Faculté de Droit de l&rsquo;Université Al Quaraouiyine à Fès. Il a également été professeur au Collège Moulay à Rabat. Il a été nommé par feu Sa Majesté le Roi Hassan II, que Dieu ait son âme, ministre des Affaires religieuses et des Wakfs, et a occupé ce poste pendant plus de deux décennies. Abdelkabir Al-Alaoui Al-Mdaghri a combiné dans ses études le droit et les sciences religieuses, et il a publié plusieurs ouvrages sur les sciences religieuses, ainsi que sur certaines questions intellectuelles et politiques. Parmi ses œuvres figurent « Al-Naskh wa al-Mansukh fi al-Qur&rsquo;an al-Karim li Abi Bakr ibn al-Arabi al-Ma&rsquo;afiri &#8211; Étude et édition », « Al-Faqih Abu Ali Al-Yousi: Un modèle de la pensée marocaine au début du règne des Alawites », et « La femme entre les règles juridiques et l&rsquo;appel au changement », ainsi que « Zill Allah », et « Al-Hukuma Al-Multahiya: Une étude critique prospective ». Outre ses préoccupations intellectuelles et religieuses, le regretté était également connu pour son intérêt littéraire, avec plusieurs romans à son actif, dont « Thawrat Zano » et « Fi Maratina Ilm Akhar ».[/vc_column_text][/vc_column][vc_column width= »1/2&Prime;][vc_column_text]</p>
<p style="text-align: right;"><strong><img loading="lazy" decoding="async" class="wp-image-860 aligncenter" src="https://www.bmaq.org/wp-content/uploads/2023/11/WhatsApp-Image-2023-11-13-at-12.01.18-1-300x214.jpeg" alt="" width="433" height="309" srcset="https://www.bmaq.org/wp-content/uploads/2023/11/WhatsApp-Image-2023-11-13-at-12.01.18-1-300x214.jpeg 300w, https://www.bmaq.org/wp-content/uploads/2023/11/WhatsApp-Image-2023-11-13-at-12.01.18-1-1024x731.jpeg 1024w, https://www.bmaq.org/wp-content/uploads/2023/11/WhatsApp-Image-2023-11-13-at-12.01.18-1-768x548.jpeg 768w, https://www.bmaq.org/wp-content/uploads/2023/11/WhatsApp-Image-2023-11-13-at-12.01.18-1-1536x1096.jpeg 1536w, https://www.bmaq.org/wp-content/uploads/2023/11/WhatsApp-Image-2023-11-13-at-12.01.18-1.jpeg 1600w" sizes="auto, (max-width: 433px) 100vw, 433px" /></strong></p>
<p>[/vc_column_text][/vc_column][/vc_row][vc_row][vc_column width= »1/2&Prime;][vc_column_text]</p>
<p style="text-align: right;"><strong><img loading="lazy" decoding="async" class="wp-image-4773 aligncenter" src="https://www.bmaq.org/wp-content/uploads/2023/11/WhatsApp-Image-2023-11-13-at-12.01.18-2-300x234.jpeg" alt="" width="429" height="335" srcset="https://www.bmaq.org/wp-content/uploads/2023/11/WhatsApp-Image-2023-11-13-at-12.01.18-2-300x234.jpeg 300w, https://www.bmaq.org/wp-content/uploads/2023/11/WhatsApp-Image-2023-11-13-at-12.01.18-2.jpeg 583w" sizes="auto, (max-width: 429px) 100vw, 429px" /></strong></p>
<p>[/vc_column_text][/vc_column][vc_column width= »1/2&Prime;][vc_column_text]<strong>Premier directeur général de l&rsquo;Agence</strong></p>
<p>L&rsquo;Ambassadeur Wajih Hassan Ali Qasim &#8211; Abu Marwan 1998 – 2006 (Qu&rsquo;il repose en paix) Feu Wajih Hassan Ali Qasim &#8211; Abu Marwan a assumé ses fonctions à la tête de l&rsquo;Agence Bayt Mal Al-Quds Al-Sharif en tant que premier directeur général de l&rsquo;institution après sa restructuration et son lancement effectif en septembre 1998, sur ordre du regretté Roi Hassan II, que Dieu ait son âme. Abu Marwan, pendant cette période, conciliait ses responsabilités en tant qu&rsquo;ambassadeur de l&rsquo;Organisation de libération de la Palestine au Royaume du Maroc et directeur général de l&rsquo;Agence. Abu Marwan est né en Palestine en 1938 et a occupé plusieurs postes de représentation pour les institutions palestiniennes au Maroc de 1969 à 2010. Il a commencé sa carrière d&rsquo;enseignant en Arabie saoudite, puis a déménagé en Algérie après son indépendance, où il s&rsquo;est consacré au travail politique aux côtés du militant Khalil Al-Wazir (Abu Jihad). En 1969, Abu Marwan s&rsquo;est installé au Maroc, où il a été chargé de représenter le mouvement avant d&rsquo;être officiellement nommé en 1970 en tant que représentant officiel de l&rsquo;Organisation de libération de la Palestine au Maroc, puis ambassadeur de l&rsquo;État de Palestine auprès du Royaume, jusqu&rsquo;à sa retraite en 2005.[/vc_column_text][/vc_column][/vc_row]</p>
</div>

<p>[vc_row][vc_column width= »1/2&Prime;][vc_column_text]Directeur général Ancien directeur général Dr. Abdelkabir Al-Alaoui Al-Mdaghri 2006 – 2017 (Qu&rsquo;il repose en paix) Feu le Dr. Abdelkabir Al-Alaoui Al-Mdaghri, né en 1942 à Fès, a été nommé à la tête de l&rsquo;Agence Bayt Mal Al-Quds Al-Sharif par Sa Majesté le Roi Mohammed VI en avril 2006. Le défunt Abdelkabir Al-Alaoui Al-Mdaghri&hellip;</p>
